{"id":8889,"date":"2024-10-18T15:22:12","date_gmt":"2024-10-18T13:22:12","guid":{"rendered":"https:\/\/careosophy.com\/index.php\/imprint\/"},"modified":"2024-10-18T15:22:12","modified_gmt":"2024-10-18T13:22:12","slug":"imprint","status":"publish","type":"page","link":"https:\/\/careosophy.com\/index.php\/imprint\/","title":{"rendered":"Imprint"},"content":{"rendered":"\n<!-- Legal document generated by Complianz | GDPR\/CCPA Cookie Consent https:\/\/wordpress.org\/plugins\/complianz-gdpr -->\n<div id=\"cmplz-document\" class=\"cmplz-document impressum cmplz-document-all\"><p><i>Cette imprint a \u00e9t\u00e9 mise \u00e0 jour pour la derni\u00e8re fois le 14 mai 2025.<\/i><\/p><p class=\"cmplz-subtitle\">Le propri\u00e9taire de ce site web est\u00a0:<\/p><p>Careosophy SARL<br>10 Rue de Br\u00e9a<br>France<br>E-mail\u00a0:&nbsp;<span class=\"cmplz-obfuscate\">c&#111;&#110;ta&#099;t@<span class=\"cmplz-fmail-domain\">&#101;&#120;&#046;&#099;&#111;m<\/span>c&#097;r&#101;o&#115;&#111;&#112;&#104;y&#046;com<\/span><br>Num\u00e9ro de t\u00e9l\u00e9phone\u00a0: 0777075745<br>ID TVA\u00a0:&nbsp;FR62914876016<\/p><p class=\"cmplz-subtitle\">Le(s) repr\u00e9sentant(s) l\u00e9gal(aux) de Careosophy SARL\u00a0:<\/p><p>Jean-Daniel ROCHE<\/p><h2>1. G\u00e9n\u00e9ral<\/h2><p>Nous sommes dispos\u00e9s ou oblig\u00e9s de participer \u00e0 des proc\u00e9dures de r\u00e8glement des litiges devant une commission d\u2019arbitrage des consommateurs.<\/p><p class=\"cmplz-subtitle\">1.1 Die Eigentumsanteile der Gesellschaft (Aktienkapital), die von ihr ausgegeben wurden:<\/p><p>2000\u20ac<\/p><p class=\"cmplz-subtitle\">1.2 Unsere Berufshaftpflichtversicherung lautet:<\/p><p>MAIF. D\u00e9l\u00e9gation conseil de Saint-Herblain. La Fr\u00e9gate, zone Atlantis, 19.01 avenue Jacques Cartier - Saint Herblain.<\/p><\/div>\n","protected":false},"excerpt":{"rendered":"","protected":false},"author":1,"featured_media":0,"parent":0,"menu_order":0,"comment_status":"closed","ping_status":"closed","template":"","meta":{"footnotes":""},"class_list":["post-8889","page","type-page","status-publish","hentry","description-off"],"yoast_head":"<!-- This site is optimized with the Yoast SEO plugin v25.0 - https:\/\/yoast.com\/wordpress\/plugins\/seo\/ -->\n<title>Imprint - Careosophy<\/title>\n<meta name=\"robots\" content=\"index, follow, max-snippet:-1, max-image-preview:large, max-video-preview:-1\" \/>\n<link rel=\"canonical\" href=\"https:\/\/careosophy.com\/index.php\/imprint\/\" \/>\n<meta property=\"og:locale\" content=\"fr_FR\" \/>\n<meta property=\"og:type\" content=\"article\" \/>\n<meta property=\"og:title\" content=\"Imprint - Careosophy\" \/>\n<meta property=\"og:url\" content=\"https:\/\/careosophy.com\/index.php\/imprint\/\" \/>\n<meta property=\"og:site_name\" content=\"Careosophy\" \/>\n<meta name=\"twitter:card\" content=\"summary_large_image\" \/>\n<script type=\"application\/ld+json\" class=\"yoast-schema-graph\">{\"@context\":\"https:\/\/schema.org\",\"@graph\":[{\"@type\":\"WebPage\",\"@id\":\"https:\/\/careosophy.com\/index.php\/imprint\/\",\"url\":\"https:\/\/careosophy.com\/index.php\/imprint\/\",\"name\":\"Imprint - Careosophy\",\"isPartOf\":{\"@id\":\"https:\/\/careosophy.com\/#website\"},\"datePublished\":\"2024-10-18T13:22:12+00:00\",\"breadcrumb\":{\"@id\":\"https:\/\/careosophy.com\/index.php\/imprint\/#breadcrumb\"},\"inLanguage\":\"fr-FR\",\"potentialAction\":[{\"@type\":\"ReadAction\",\"target\":[\"https:\/\/careosophy.com\/index.php\/imprint\/\"]}]},{\"@type\":\"BreadcrumbList\",\"@id\":\"https:\/\/careosophy.com\/index.php\/imprint\/#breadcrumb\",\"itemListElement\":[{\"@type\":\"ListItem\",\"position\":1,\"name\":\"Accueil\",\"item\":\"https:\/\/careosophy.com\/\"},{\"@type\":\"ListItem\",\"position\":2,\"name\":\"Imprint\"}]},{\"@type\":\"WebSite\",\"@id\":\"https:\/\/careosophy.com\/#website\",\"url\":\"https:\/\/careosophy.com\/\",\"name\":\"Careosophy\",\"description\":\"Devenir acteur de sa vie professionnelle pour se sentir bien dans son travail\",\"publisher\":{\"@id\":\"https:\/\/careosophy.com\/#organization\"},\"potentialAction\":[{\"@type\":\"SearchAction\",\"target\":{\"@type\":\"EntryPoint\",\"urlTemplate\":\"https:\/\/careosophy.com\/?s={search_term_string}\"},\"query-input\":{\"@type\":\"PropertyValueSpecification\",\"valueRequired\":true,\"valueName\":\"search_term_string\"}}],\"inLanguage\":\"fr-FR\"},{\"@type\":\"Organization\",\"@id\":\"https:\/\/careosophy.com\/#organization\",\"name\":\"Careosophy\",\"url\":\"https:\/\/careosophy.com\/\",\"logo\":{\"@type\":\"ImageObject\",\"inLanguage\":\"fr-FR\",\"@id\":\"https:\/\/careosophy.com\/#\/schema\/logo\/image\/\",\"url\":\"https:\/\/careosophy.com\/wp-content\/uploads\/2022\/05\/Wellbeing-and-health-for-caregivers-6.png\",\"contentUrl\":\"https:\/\/careosophy.com\/wp-content\/uploads\/2022\/05\/Wellbeing-and-health-for-caregivers-6.png\",\"width\":1050,\"height\":600,\"caption\":\"Careosophy\"},\"image\":{\"@id\":\"https:\/\/careosophy.com\/#\/schema\/logo\/image\/\"}}]}<\/script>\n<!-- \/ Yoast SEO plugin. -->","yoast_head_json":{"title":"Imprint - Careosophy","robots":{"index":"index","follow":"follow","max-snippet":"max-snippet:-1","max-image-preview":"max-image-preview:large","max-video-preview":"max-video-preview:-1"},"canonical":"https:\/\/careosophy.com\/index.php\/imprint\/","og_locale":"fr_FR","og_type":"article","og_title":"Imprint - Careosophy","og_url":"https:\/\/careosophy.com\/index.php\/imprint\/","og_site_name":"Careosophy","twitter_card":"summary_large_image","schema":{"@context":"https:\/\/schema.org","@graph":[{"@type":"WebPage","@id":"https:\/\/careosophy.com\/index.php\/imprint\/","url":"https:\/\/careosophy.com\/index.php\/imprint\/","name":"Imprint - Careosophy","isPartOf":{"@id":"https:\/\/careosophy.com\/#website"},"datePublished":"2024-10-18T13:22:12+00:00","breadcrumb":{"@id":"https:\/\/careosophy.com\/index.php\/imprint\/#breadcrumb"},"inLanguage":"fr-FR","potentialAction":[{"@type":"ReadAction","target":["https:\/\/careosophy.com\/index.php\/imprint\/"]}]},{"@type":"BreadcrumbList","@id":"https:\/\/careosophy.com\/index.php\/imprint\/#breadcrumb","itemListElement":[{"@type":"ListItem","position":1,"name":"Accueil","item":"https:\/\/careosophy.com\/"},{"@type":"ListItem","position":2,"name":"Imprint"}]},{"@type":"WebSite","@id":"https:\/\/careosophy.com\/#website","url":"https:\/\/careosophy.com\/","name":"Careosophy","description":"Devenir acteur de sa vie professionnelle pour se sentir bien dans son travail","publisher":{"@id":"https:\/\/careosophy.com\/#organization"},"potentialAction":[{"@type":"SearchAction","target":{"@type":"EntryPoint","urlTemplate":"https:\/\/careosophy.com\/?s={search_term_string}"},"query-input":{"@type":"PropertyValueSpecification","valueRequired":true,"valueName":"search_term_string"}}],"inLanguage":"fr-FR"},{"@type":"Organization","@id":"https:\/\/careosophy.com\/#organization","name":"Careosophy","url":"https:\/\/careosophy.com\/","logo":{"@type":"ImageObject","inLanguage":"fr-FR","@id":"https:\/\/careosophy.com\/#\/schema\/logo\/image\/","url":"https:\/\/careosophy.com\/wp-content\/uploads\/2022\/05\/Wellbeing-and-health-for-caregivers-6.png","contentUrl":"https:\/\/careosophy.com\/wp-content\/uploads\/2022\/05\/Wellbeing-and-health-for-caregivers-6.png","width":1050,"height":600,"caption":"Careosophy"},"image":{"@id":"https:\/\/careosophy.com\/#\/schema\/logo\/image\/"}}]}},"_links":{"self":[{"href":"https:\/\/careosophy.com\/index.php\/wp-json\/wp\/v2\/pages\/8889","targetHints":{"allow":["GET"]}}],"collection":[{"href":"https:\/\/careosophy.com\/index.php\/wp-json\/wp\/v2\/pages"}],"about":[{"href":"https:\/\/careosophy.com\/index.php\/wp-json\/wp\/v2\/types\/page"}],"author":[{"embeddable":true,"href":"https:\/\/careosophy.com\/index.php\/wp-json\/wp\/v2\/users\/1"}],"replies":[{"embeddable":true,"href":"https:\/\/careosophy.com\/index.php\/wp-json\/wp\/v2\/comments?post=8889"}],"version-history":[{"count":0,"href":"https:\/\/careosophy.com\/index.php\/wp-json\/wp\/v2\/pages\/8889\/revisions"}],"wp:attachment":[{"href":"https:\/\/careosophy.com\/index.php\/wp-json\/wp\/v2\/media?parent=8889"}],"curies":[{"name":"wp","href":"https:\/\/api.w.org\/{rel}","templated":true}]}}